6/120 - d**4/24 - d**3/6 - 4*d**2. List the prime factors of j(-1).
19
Let b(n) = -5*n - 5. List the prime factors of b(-6).
5
Suppose -3*q = 3*h - 30, 13 + 37 = 5*h + 2*q. What are the prime factors of h?
2, 5
Let r be (-3)/((-1)/(-2 - -1)). List the prime factors of (12 - 1)/(-2 - r).
11
What are the prime factors of (51/(-17))/((-2)/116)?
2, 3, 29
Suppose -2*p + 112 = 10. Suppose -p = 2*n - 5*n. List the prime factors of n.
17
Let y be -12 - (-1 - 1) - 2. List the prime factors of (9/(-6))/(2/y).
3
Let c(f) = 4*f**2 - 3*f**3 - 5*f - 6 + 0 + 4*f**3. Let r = -21 + 17. List the prime factors of c(r).
2, 7
Suppose -2*i + 3 = i. Suppose 3*j = 4*j - i. Suppose -l + j = -4. List the prime factors of l.
5
Suppose 0 = -5*q - 0*q + i + 64, 2*q = 5*i + 21. Suppose 8*p + 45 = q*p. List the prime factors of p.
3
Let n = -24 + 28. What are the prime factors of n?
2
List the prime factors of (-1226)/(-9) - (-4)/(-18).
2, 17
Suppose 0 = 2*o - 0*o - 2. What are the prime factors of ((-2)/2 - -18)*o?
17
List the prime factors of (-1688)/(-12) - (-2)/6.
3, 47
Let a be 5 - 2 - (-1 - -1). Suppose -3*j - j + 37 = a*c, c + j - 14 = 0. What are the prime factors of c?
19
Let o be 3/(-2) - (-92)/8. List the prime factors of o/((-2)/(-4*1)).
2, 5
Let m = 10 - 7. Suppose 4*c - 20 = 4*o + 48, m*c - 30 = -4*o. What are the prime factors of c?
2, 7
Suppose -128 = -2*d - 2*d. List the prime factors of d.
2
Let i(o) = -o**3 - o + 6. Let j be i(0). Suppose j = 3*a - 45. Let w = 24 - a. What are the prime factors of w?
7
Let s(m) = m**2 + 5*m - 7. Let i(w) = -w**2 - 2*w - 1. Let j be i(2). List the prime factors of s(j).
29
Suppose -4*y - o + 459 = -6*o, -y - o = -117. List the prime factors of y.
2, 29
What are the prime factors of (12/(-8))/((-15)/470)?
47
Suppose -p = 3*r - 4, -r + 5*p = -3*r - 19. Suppose 3*n + 5*w + 55 = 0, -2*n - w + 3*w - 10 = 0. List the prime factors of (-4)/n*(r + 32).
2, 7
Suppose 2 = 4*i - 3*i. Suppose -7*u = -i*u - 70. Suppose 30 = 3*d - 5*h, 0 = -5*d + d - 2*h + u. List the prime factors of d.
5
Suppose 23*d - 15*d = 32. What are the prime factors of d?
2
Let k = 20 + -11. Let u = k + -14. Let q(c) = -c**3 - 4*c**2 + 3*c - 5. List the prime factors of q(u).
5
What are the prime factors of 5675/55 - 2/11?
103
Let b be -1 + -1 - (-1 + -50). Let x = 78 - b. What are the prime factors of x?
29
Suppose 3*t = t - 4. Let v = t - 10. List the prime factors of 4*2/v*-3.
2
Suppose -3*w = 3*p - 0*w - 624, 2*w + 202 = p. List the prime factors of p.
2, 103
Let a = -59 + 89. Let y = -11 + a. What are the prime factors of y?
19
Let t be ((-70)/6)/((-2)/6). Let b = -6 + t. List the prime factors of b.
29
Suppose 0 = 2*o + o - 12. Suppose t - 4*l + 0*l - 18 = 0, 8 = -4*t - o*l. What are the prime factors of t?
2
Suppose 5*l = 2*l. Suppose 4*q = 8, -2*x + l*q - 3*q + 52 = 0. List the prime factors of x.
23
Let y be 9/(-2)*(-14)/21. Suppose y*w + 18 - 123 = 0. List the prime factors of w.
5, 7
Suppose -887 = -9*p - 23. What are the prime factors of p?
2, 3
Let o(w) = 5*w**2 + w. Let j be o(-1). Suppose 6*g = j*g + 10. What are the prime factors of g?
5
Let g = 36 - 12. Let d be 3/(0 - (-9)/g). Suppose n = 2*n - d. What are the prime factors of n?
2
Suppose 0 = -0*y + 6*y - 504. What are the prime factors of y?
2, 3, 7
Let c = -65 - -102. List the prime factors of c.
37
Suppose -5*m = -7 - 33. What are the prime factors of m?
2
Suppose -3*l = -l + s - 29, 0 = 3*l + 3*s - 48. Let w be (-2)/3*(-5 - 1). Let b = w + l. What are the prime factors of b?
17
Let p(o) = o**2 + 13*o - 6. Let s be p(-14). Suppose 0 = -0*i + 5*i - 85. Suppose -5*x + s + i = 0. What are the prime factors of x?
5
Let y(q) = q**3 - 4*q**2 + 3*q - 4. Let h be y(4). Suppose -2*w - h = -2. Let z = w - -7. List the prime factors of z.
2
Let t(b) = -2*b**2 + 5*b - 2. Let z(q) = -q - 2. Let u be z(-5). Let m be t(u). Let s = -2 - m. What are the prime factors of s?
3
Let n(d) = -5*d**2 + 4*d + 2*d**3 + d - 2*d + 1. What are the prime factors of n(3)?
19
What are the prime factors of ((-190)/15)/((-1)/12)?
2, 19
Suppose 0 = 4*p + 5*n - 2*n - 78, 42 = 2*p + 3*n. Suppose 0 = 4*r + h - 18, r = -r - 5*h + p. List the prime factors of r.
2
Suppose 0*g = -3*g + 6. Suppose 3*a + 2*a + 5 = -2*u, -3 = -3*u + 3*a. Suppose -d + 0*d = 3*n - g, -5*n = u. List the prime factors of d.
2
Let k(b) = 7*b**3 - b**2 + b - 1. Let l be k(1). Let v = 1 - l. Let m = 8 + v. List the prime factors of m.
3
Let x = -185 + 393. Suppose 0 = -j + 5*j - x. List the prime factors of j/6 - 2/(-6).
3
List the prime factors of 74 - (3 + 1) - 4/4.
3, 23
Let n(y) = 5*y**3 + 19*y**2 - 25*y + 20. Let w(c) = -2*c**3 - 9*c**2 + 12*c - 10. Let h(a) = 3*n(a) + 7*w(a). List the prime factors of h(5).
2, 5
Let t = 50 + -21. List the prime factors of t.
29
Let s be (2 - (-38)/6)*3. Suppose -5*v + 4*v - d = -s, -16 = -v + 2*d. List the prime factors of v.
2, 11
Let m = 32 - -52. What are the prime factors of m?
2, 3, 7
Let a be (78/5)/3*5. Suppose 4*s = a + 22. List the prime factors of s.
2, 3
Suppose 3*z + 30 = 4*c, 2*z = -6 + 2. Let s be (-4)/c + (-84)/(-18). Suppose 2*u + 4 = s*u. List the prime factors of u.
2
Suppose 0*t = -5*c - 2*t - 139, c + 2*t = -31. Let a = c + 56. List the prime factors of a.
29
Let f = 201 - 125. Let b = f - 53. What are the prime factors of b?
23
Let d = 8 + -14. Let w be 0 - (-1)/((-2)/d). Suppose -w = -3*r + 3, -r = -n + 6. What are the prime factors of n?
2
Let r be (2/6)/(1/6). Suppose 0 = -r*n + 32 - 2. What are the prime factors of (n - (3 - 0))*1?
2, 3
Suppose -2*u = -4*u + 118. List the prime factors of u.
59
Let s be 2*1/(-1)*-1. Suppose 0 = k - 2*k + s. Suppose 36 = j + k*j. What are the prime factors of j?
2, 3
Suppose 0 = -d, r + 3*r - 108 = -5*d. Let b = r - 11. What are the prime factors of b?
2
Let s(k) = k**2 + 10*k - 1. Let x be s(-11). List the prime factors of 4*x - 1 - 0.
3, 13
Let w = 61 - 28. List the prime factors of w.
3, 11
Let w = 49 + 13. What are the prime factors of w?
2, 31
Let b = -120 - -228. List the prime factors of b.
2, 3
Suppose -4*a = -3*l + 288, -671 = -5*l - 2*a - 191. List the prime factors of l.
2, 3
Let s = 18 - 13. Let l = -1 + 1. Suppose -s*y + k + l*k = -52, -2*y + 3*k = -26. List the prime factors of y.
2, 5
Suppose w = 6*w - 245. Let c = w - 35. What are the prime factors of c?
2, 7
Let c = -2 + 4. Suppose -3*d + 24 = -c*d. What are the prime factors of d?
2, 3
Suppose -5*f - 5 = 0, -2*c - 3*f = -0*f - 5. Let a be (1/4)/(1/c). What are the prime factors of ((-2)/(-5))/(a/10)?
2
Suppose -r = -5*c + 2, 5*c - 36 = -4*r + 6. Suppose 24 = 4*j + r. Suppose 4*k - 44 = b - 3, -4*k = j*b - 56. List the prime factors of k.
11
Suppose -4*a + 72 = -5*j, 0 = -3*j + 8*j + 2*a + 54. What are the prime factors of j/5*10/(-4)?
2, 3
Let x = -15 + 17. List the prime factors of (x/2)/((-3)/(-93)).
31
Let y(x) = x**3 + x**2 - 4*x - 3. Let l be y(-3). Let a be (l + 3)*4/(-6). Suppose -15 = -a*f + f. What are the prime factors of f?
5
Let m(k) = 7*k**2 - k - 1. Let u be m(-1). Let i = 6 + u. List the prime factors of i.
13
Let l(r) = -r**3 - 6*r**2 + 3*r + 5. Let t be l(-4). Let z = 7 - t. What are the prime factors of z?
2, 23
Let c(t) = -t**2 + 12*t - 8. Let j = -6 + 16. Let n be c(j). What are the prime factors of 1/3 - (-80)/n?
7
Let r(i) = 20*i. Let l be r(2). Suppose -n + 6*n - l = 0. List the prime factors of n.
2
Suppose -200 = -7*x + 2*x - 5*v, 5*v = 3*x - 120. List the prime factors of x.
2, 5
Suppose 0 = -66*j + 58*j + 2000. List the prime factors of j.
2, 5
Let k(x) = -x**3 - x**2 + 2*x - 1. Suppose -6 = 5*v + 3*q, -3*v = v + 5*q - 3. Let s(j) = j. Let f be s(v). List the prime factors of k(f).
11
List the prime factors of (-24)/(6*(-4)/208).
2, 13
Suppose -2*i = -2*t + 3*t - 60, -276 = -5*t + 2*i. What are the prime factors of t?
2, 7
Let b be 1/((-10)/3 - -3). List the prime factors of 35/3 + (-1)/b.
2, 3
Let f(j) = -j**2 - 11*j - 11. Let q be f(-10). What are the prime factors of q + (2 + 1 - -1)?
3
Let s(z) = 7*z - 4. Let k be s(-4). List the prime factors of k/(-18) + (-6)/(-27).
2
Let z be (36/(-15))/(2/(-10)). Suppose 2*g = 2, -5*q + 2*g + z = -6. List the prime factors of q.
2
Suppose -10 = 2*y + n + n, 0 = -4*n. Let m = y - -23. Suppose -k + m = k. List the prime fa